60?
30
Calculate the highest common divisor of 808 and 8.
8
What is the greatest common factor of 476 and 425?
17
Calculate the greatest common factor of 5 and 8.
1
What is the greatest common divisor of 4560 and 96?
48
Calculate the greatest common divisor of 30 and 2760.
30
What is the highest common factor of 519 and 3?
3
Calculate the greatest common divisor of 32 and 36.
4
What is the highest common divisor of 3358 and 46?
46
What is the highest common factor of 2 and 14?
2
What is the greatest common factor of 5769 and 27?
9
What is the greatest common divisor of 11917 and 17?
17
Calculate the greatest common divisor of 17 and 544.
17
Calculate the greatest common factor of 114 and 5700.
114
What is the highest common divisor of 450 and 2600?
50
What is the highest common factor of 35 and 25?
5
What is the greatest common divisor of 100 and 20020?
20
Calculate the highest common factor of 405 and 81.
81
Calculate the highest common divisor of 76 and 5092.
76
What is the highest common divisor of 64 and 2696?
8
Calculate the highest common factor of 32 and 196.
4
Calculate the greatest common factor of 1053 and 910.
13
Calculate the highest common divisor of 12 and 984.
12
Calculate the highest common factor of 81 and 2250.
9
What is the highest common divisor of 2250 and 40?
10
Calculate the greatest common factor of 10296 and 117.
117
What is the greatest common factor of 180 and 1620?
180
What is the greatest common factor of 600 and 10575?
75
What is the greatest common divisor of 775 and 62?
31
What is the greatest common factor of 108 and 16?
4
Calculate the greatest common divisor of 8908 and 136.
68
Calculate the greatest common divisor of 748 and 68.
68
What is the highest common divisor of 3293 and 89?
89
What is the greatest common factor of 64 and 192?
64
Calculate the greatest common factor of 2511 and 486.
81
What is the greatest common divisor of 28 and 238?
14
What is the highest common divisor of 168 and 252?
84
Calculate the highest common divisor of 18 and 72.
18
What is the highest common factor of 6 and 399?
3
Calculate the highest common divisor of 110 and 88.
22
What is the highest common divisor of 3740 and 425?
85
Calculate the greatest common divisor of 187 and 121.
11
What is the greatest common factor of 70 and 230?
10
What is the highest common divisor of 672 and 42?
42
What is the highest common factor of 2871 and 174?
87
What is the highest common factor of 161 and 119?
7
What is the highest common divisor of 589 and 19?
19
Calculate the highest common factor of 686 and 518.
14
What is the highest common divisor of 1372 and 44?
4
Calculate the greatest common factor of 32 and 1.
1
Calculate the greatest common divisor of 2893 and 55.
11
What is the greatest common divisor of 750 and 8000?
250
What is the greatest common divisor of 5 and 80?
5
Calculate the highest common factor of 5 and 20.
5
What is the greatest common divisor of 132 and 17292?
132
Calculate the highest common divisor of 48 and 444.
12
What is the highest common factor of 82 and 12546?
82
Calculate the highest common factor of 448 and 21.
7
Calculate the highest common factor of 29985 and 15.
15
What is the highest common factor of 54 and 2538?
54
Calculate the greatest common factor of 143 and 26.
13
What is the greatest common factor of 423 and 27?
9
What is the highest common factor of 2343 and 33?
33
What is the highest common divisor of 231 and 1221?
33
Calculate the highest common factor of 16 and 16056.
8
Calculate the highest common divisor of 180 and 1215.
45
Calculate the highest common factor of 74 and 3478.
74
What is the highest common factor of 2525 and 3939?
101
What is the greatest common factor of 9 and 225?
9
Calculate the greatest common factor of 345 and 75.
15
Calculate the highest common divisor of 374 and 506.
22
What is the highest common factor of 132 and 2736?
12
What is the highest common divisor of 490 and 350?
70
What is the greatest common factor of 2709 and 2107?
301
Calculate the highest common factor of 656 and 352.
16
Calculate the greatest common divisor of 2835 and 35.
35
What is the greatest common divisor of 5943 and 21?
21
What is the highest common factor of 60 and 9320?
20
Calculate the greatest common divisor of 1806 and 5676.
258
Calculate the greatest common factor of 154 and 88.
22
What is the greatest common factor of 1134 and 36?
18
Calculate the greatest common factor of 34 and 1547.
17
What is the highest common factor of 630 and 2142?
126
What is the highest common divisor of 2 and 1306?
2
Calculate the greatest common factor of 775 and 17980.
155
What is the highest common divisor of 788 and 24?
4
What is the greatest common factor of 78 and 598?
26
What is the highest common divisor of 2220 and 4588?
148
What is the greatest common divisor of 972 and 108?
108
Calculate the greatest common factor of 968 and 154.
22
Calculate the highest common divisor of 192 and 704.
64
Calculate the highest common factor of 24 and 150.
6
What is the highest common divisor of 472 and 5900?
236
Calculate the highest common factor of 43 and 3053.
43
Calculate the highest common divisor of 895 and 2506.
179
What is the greatest common divisor of 37 and 592?
37
What is the greatest common divisor of 1 and 128?
1
Calculate the highest common divisor of 52 and 44.
4
What is the highest common divisor of 992 and 372?
124
What is the greatest common divisor of 64 and 43904?
64
Calculate the greatest common divisor of 1461 and 3.
3
What is the greatest common divisor of 17394 and 26?
26
Calculate the greatest common divisor of 72 and 279.
9
Calculate the greatest common divisor of 1007 and 901.
53
Calculate the greatest common factor of 82 and 2050.
82
What is the highest common factor of 30 and 11940?
30
Calculate the greatest common divisor of 38 and 19.
19
Calculate the greatest common divisor of 117 and 5187.
39
What is the greatest common factor of 120 and 645?
15
What is the greatest common factor of 512 and 8?
8
What is the greatest common factor of 803 and 22?
11
Calculate the greatest common factor of 27 and 225.
9
Calculate the highest common factor of 7 and 161.
7
Calculate the greatest common divisor of 276 and 69.
69
Calculate the greatest common factor of 368 and 23.
23
Calculate the highest common divisor of 222 and 592.
74
Calculate the highest common divisor of 520 and 312.
104
Calculate the highest common divisor of 561 and 68.
17
Calculate the greatest common factor of 429 and 209.
11
What is the highest common factor of 19 and 817?
19
Calculate the highest common divisor of 5 and 20.
5
What is the greatest common factor of 4788 and 152?
76
Calculate the greatest common factor of 450 and 50.
50
What is the highest common factor of 122 and 8357?
61
Calculate the highest common divisor of 51 and 561.
51
What is the highest common factor of 924 and 33957?
231
Calculate the highest common divisor of 77 and 7.
7
Calculate the highest common divisor of 560 and 1.
1
Calculate the greatest common divisor of 16 and 72.
8
Calculate the highest common factor of 170 and 1632.
34
Calculate the highest common factor of 8383 and 83.
83
Calculate the highest common divisor of 705 and 30.
15
What is the greatest common factor of 45 and 1155?
15
What is the greatest common factor of 32 and 184?
8
Calculate the greatest common factor of 845 and 325.
65
What is the greatest common divisor of 24 and 712?
8
What is the highest common factor of 51 and 1632?
51
What is the highest common divisor of 11781 and 45?
9
What is the highest common divisor of 40 and 12280?
40
What is the highest common factor of 110 and 3520?
110
What is the highest common factor of 10 and 13590?
10
Calculate the highest common factor of 380 and 38.
38
Calculate the greatest common factor of 11613 and 294.
147
What is the greatest common factor of 3952 and 114?
38
Calculate the highest common factor of 40 and 5.
5
Calculate the greatest common factor of 2919 and 21.
21
Calculate the greatest common divisor of 3021 and 212.
53
Calculate the greatest common divisor of 243 and 10611.
81
What is the greatest common factor of 66 and 1892?
22
What is the greatest common factor of 912 and 48?
48
Calculate the highest common factor of 989 and 23.
2